9244 + -192885. Is n a composite number?
False
Let b(j) = j**3 - j**2 - 2. Let w be b(2). Suppose 5*l - 660 + 103 = w*i, -3*i - 214 = -2*l. Suppose -r = 2*p - l, -3*r + 111 = 2*p - 0*p. Is p prime?
False
Is (-4 - 34/(-8) - 3/4)*-64002 prime?
False
Let w(i) = -14885*i - 418. Is w(-15) composite?
False
Suppose k + 2*b = -14, 2*b = -3*k - 37 + 11. Let g be (-138)/414 + (-17510)/3. Is (k/(-2))/((-39)/g) prime?
True
Let v(r) be the second derivative of -25*r**3/3 + 7*r**2/2 + 13*r. Let u be v(-14). Suppose -3173 + u = -6*i. Is i a prime number?
False
Let l(c) = -3*c**3 - 11*c**2 + 3*c + 9. Let x = -29 - -25. Let i = -11 - x. Is l(i) a prime number?
False
Let r(c) be the first derivative of 395*c**4/4 - 2*c**3/3 + 4*c - 58. Is r(3) composite?
False
Let d = -388910 - -626063. Suppose d = -377*m + 398*m. Is m prime?
False
Suppose 5*s - 5113 = -3*x + 16568, -2*x - s = -14454. Let g = 10880 - x. Is g a prime number?
False
Let g be (777/(-2))/(((-5)/50)/(-1)). Let i = -1318 - g. Is i prime?
False
Suppose 0 = -n - 4*d + 5*d + 358, 0 = 3*n + 4*d - 1074. Let j be ((-10)/4)/(-3*5/390). Suppose x + j = n. Is x a composite number?
False
Suppose 4*v + y = 2*v + 372800, 0 = -v - 5*y + 186391. Is v composite?
True
Let x(j) = -716*j - 214. Let y(o) = -716*o - 219. Let q(u) = -2*x(u) + 3*y(u). Is q(-7) a composite number?
False
Suppose -210*o = -25*o - 23342005. Is o a composite number?
False
Let j(m) = m**3 - m**2 - 2*m + 2434. Let i be j(0). Let l = i + -1073. Is l prime?
True
Let d(y) = 7*y**2 + 7*y**3 - 2*y**3 + 7 - 4*y - 12*y**3 + 0*y**3. Is d(-13) composite?
True
Let q(r) = -453*r**3 + 7*r**2 + 81*r + 412. Is q(-5) a composite number?
False
Let w be 1/(-5) + -2 + 78/15. Suppose u = 2*b - 2571, 553 = -5*b - w*u + 6975. Is b composite?
True
Let k(w) be the second derivative of 1318*w**3 + 119*w**2/2 + 243*w. Is k(4) prime?
True
Let r(b) = -55213*b - 1615. Is r(-2) composite?
True
Let j(n) = -12*n**3 - 6*n**2 - 12*n - 11. Suppose -2*f = 2, 2*k = -2*f - 3*f + 9. Suppose 0 = 7*r + k + 28. Is j(r) prime?
True
Let w be 36880/6 - 264/(-198). Let x = 3909 + w. Is x composite?
True
Let z = -7247 + 16470. Let s = z - 6296. Is s prime?
True
Let o be 15 + -2 + -21 + 21. Suppose 3982 - 57061 = -o*u. Is u a prime number?
False
Let a(w) = -10383*w + 749. Is a(-8) composite?
False
Suppose 3*j = 31*a - 36*a + 1329357, 3*a = j - 443147. Is j a prime number?
True
Is (-4)/14 - ((-198632346)/1064 - 15/(-12)) prime?
False
Let q(f) = 2944*f - 137. Let n be q(7). Let z = -940 + n. Is z a prime number?
True
Suppose -15*m - m = 28*m - 136361764. Is m prime?
False
Suppose 0 = a - 5*b - 127938, 2*a + 454*b = 459*b + 255851. Is a composite?
False
Let k(q) = 291*q**2 - 47*q + 5. Is k(-16) composite?
False
Let c(n) = 3*n**2 - 2*n. Let h be c(0). Let s(q) = 9*q + 191. Is s(h) prime?
True
Let v be ((-1257)/6)/((-125)/120 - -1). Let j = v - 2515. Is j a prime number?
False
Let p(t) = 11*t**3 - 39*t**2 - 57*t + 51. Is p(34) prime?
False
Let u(f) = 3*f**2 + 2*f - 1. Let a be u(1). Is 678/a*(-28)/(-42) prime?
True
Let v(p) be the second derivative of 0 + 31*p - 1/4*p**4 - p**2 + 5/6*p**3 + 1/2*p**5. Is v(5) a prime number?
False
Let s(o) = -o**2 - 2*o + 39. Let a be s(-7). Suppose t - 4*c = -t + 1534, -a*t + 3086 = c. Suppose -t = m - 4*m. Is m a prime number?
True
Let d = 62464 + -5243. Is d a composite number?
False
Let d = -4206 - -8154. Suppose 5*n - d - 37357 = 0. Is n a prime number?
False
Let l(x) = 2*x - 4. Let u(t) = -34*t + 71. Let y(p) = -2*l(p) + u(p). Is y(-24) prime?
True
Suppose 15 = 5*l - 10. Suppose -l*z = 2*b - 2213, z - 6*z + 2*b + 2217 = 0. Is z prime?
True
Suppose -87*b + 82*b + 20 = 0. Suppose -3*j = -b*q + 22334, -34*j + 16753 = 3*q - 35*j. Is q a prime number?
False
Let i(o) = 128*o - 54. Let x be 140/25 + (36/(-10) - -3). Is i(x) a composite number?
True
Suppose 760 + 392 = 6*u. Let o(r) = 12 + 14 - 4 - u*r. Is o(-12) a prime number?
False
Let k be 2 + -2 + -1 + -1. Is k - (1 - 12670/5) a composite number?
False
Suppose 4*u - 2*a = 3792, 5*u - 681*a - 4737 = -677*a. Is u composite?
True
Suppose -11*s = s - 0*s. Let h = -1 - -3. Is 10*45 - (s - -2)/h composite?
False
Suppose w + 151*y = 154*y + 607349, 0 = w - 4*y - 607349. Is w a composite number?
False
Let x = -14216 - -21066. Suppose -16 = 4*w, -1861 = -5*r + 4*w + x. Is r prime?
False
Let c(j) = -j**3 + 12*j**2 + 18*j - 26. Let v be c(-12). Let x = v - -127. Is x a prime number?
False
Let c(l) = 25597*l - 1. Is c(2) a prime number?
True
Suppose 3*o = 7*w - 61606, -10 = -3*o + 5. Is w a prime number?
True
Suppose 6 - 24 = -6*m. Suppose -1129 - 2711 = 3*i + m*l, 6370 = -5*i + 5*l. Let r = 2035 + i. Is r a prime number?
False
Suppose 0 = b - 0*k + 3*k - 58886, k + 58890 = b. Is b composite?
False
Let h be (1836/30)/(21/(-30) + 1). Let m = 898 - h. Suppose 1673 = 3*v - m. Is v a composite number?
True
Let a = 318332 + -73483. Is a a prime number?
False
Suppose 43*z + 230924 = 2*i + 46*z, 0 = -i + 4*z + 115451. Is i prime?
True
Let t = -255 - -265. Is -11665*(t + -2 - 9) a composite number?
True
Suppose -50*r = -2059261 - 1111689. Is r a composite number?
False
Let n = -24 + 37. Suppose 0 = -5*u + 14*u. Suppose -n*a + 18*a - 730 = u. Is a a composite number?
True
Suppose 3359999 + 15751807 = 18*u. Is u a prime number?
False
Let a(m) = 1003*m**2 - 99*m + 193. Is a(2) a prime number?
True
Suppose -27*x - 144 = -36. Is (22698/12 - -2)*(-8)/x a prime number?
False
Let k be (6/(-5))/(6/(-10)). Suppose -3131 = -4*d + 3*w + 6192, k*d = -4*w + 4678. Is d a composite number?
False
Is (-2770916)/(-5)*(494/(-52) + 12) a composite number?
True
Let p(b) = -b**3 + 117*b**2 + 215*b - 112. Is p(117) composite?
True
Let q(n) = 5626 - n**3 + 1092 + n**2 - 2*n + 51. Is q(0) composite?
True
Suppose -11*r = -24*r + 153283. Suppose -9*k - r = -10*k. Is k a composite number?
True
Suppose 91*z = -131*z + 9947186 - 2201828. Is z a prime number?
False
Suppose -2*y = 3*y - 20. Suppose 0*q + 4*q - 14736 = -u, -y*q + 3*u = -14720. Is q a composite number?
True
Let h(o) = 22*o**2 + 7*o - 2. Let n be (-36)/54 + 2/(-3)*-13. Let j be 44/n + (-3)/6. Is h(j) a composite number?
True
Is 72/((-450)/25)*(-534748)/16 prime?
False
Let k(d) = 20*d + 7. Let m be k(4). Let n = 6058 - m. Is n prime?
False
Suppose -71*g + 4333040 - 1166769 = -12311232. Is g a prime number?
False
Let h = 24044 + -13455. Is h prime?
True
Let n be (100/16 + (-6 - -2))*-672. Let t = 5912 + n. Let s = t - 3123. Is s composite?
False
Let z be (89019/(-84))/(10/(-16) - -1). Let d = z - -9188. Is d composite?
True
Let i(o) = -213818*o - 5177. Is i(-5) a composite number?
False
Let b = -720340 + 1240869. Is b a composite number?
False
Let o(s) = -s**3 + 13*s**2 + 15*s - 6. Let d be o(14). Let x be (26/6)/(33/99). Suppose x*m - 9965 = d*m. Is m composite?
False
Let t = -36 + 54. Let k(w) = -2*w**3 - 6*w**2 + 11*w - 23. Let o be k(-7). Let g = o - t. Is g a composite number?
True
Suppose -r + 42399 = 10*y - 7*y, 0 = 4*y + 3*r - 56542. Is y a prime number?
False
Suppose p - 4*j = -626, 3*p = -2*p - 5*j - 3005. Let x = p - 44. Is 10/(-5) - (-1 + x) composite?
True
Let o(a) = -2734*a**3 - 19*a**2 - 52*a - 1. Is o(-6) a composite number?
False
Let a(b) = -57*b**3 + 8*b**2 + 14*b + 30. Let r be a(-5). Let y = r + -2954. Is y prime?
False
Let m = 16 - 16. Suppose m*h - h + i = -4, h - 7 = -2*i. Suppose 0*p - 5 = 5*p, -h*o - 5*p = -3930. Is o composite?
False
Let i(k) be the first derivative of 133*k**2 + 43*k - 21. Is i(9) prime?
True
Suppose -2536*n + f = -2535*n - 9403181, -4*n - 3*f + 37612738 = 0. Is n composite?
False
Let h(f) = f**3 - 22*f**2 - 33*f + 45. Let x be h(23). Let s be (-20)/5 - x*32. Suppose s + 732 = 8*r. Is r composite?
True
Suppose 5*p + 117869 = 4*q, -2*q - 8*p + 49472 = -9494. Is q a prime number?
False
Is -2*(-55)/11 + (-3152712)/(-8) a composite number?
False
Let s = -415 + 242. Let n = s + 262. Is n prime?
True
Let v(a) be the second derivative of 16*a + 0 + 3199/6*a**3 + 2*a**2. Is v(1) a prime number?
True
Let o be 26122/(-2) + 12/(-6 + 8). Let z = o + 19036. Is z a prime number?
True
Suppose 0 = -4*l, 9186 = 2*k + k + 4*l. Suppose -2*x + k = -4*i, x + 2*x - 4*i - 4597 = 0. Is x prime?
False
Let b(v) = v**3 - 19*v**2 - 26*v + 51. Let a be b(20). Is (-15)/9 + (-99337)/a